he remainder when 26 is divided by x(6).
12
Suppose 2*t = 6, 1 = -5*x + 3*t + 2. Suppose -3*u - 16 = -4*k + x*k, 2*u = -k + 15. What is the remainder when k is divided by 4?
3
Suppose -4*z + 9 = 1. Suppose 2*p - 33 + 129 = 2*j, 4 = z*p. Calculate the remainder when j is divided by 13.
11
Suppose -2*i + 3*m = -60, -8 = 2*m - 0*m. Suppose 20 = -9*u + 13*u. Calculate the remainder when i is divided by u.
4
Let r = -79 - -112. What is the remainder when r is divided by (-4 - -1 - 12/(-2))*3?
6
Suppose 0 = 5*m + 2*m - 98. What is the remainder when m is divided by 9?
5
Let m = 88 + -50. What is the remainder when m is divided by 10?
8
Let k(w) = -w**3 + 10*w**2 + 2*w - 6. Let l be k(10). Suppose 0 = -4*o + l + 22. Calculate the remainder when 25 is divided by o.
7
Let y = 29 - -25. Calculate the remainder when y is divided by (-2)/(-5) - (-186)/10.
16
Let b(z) = -z - 8. Let o be b(-6). Let q(x) = -14*x - 1. Calculate the remainder when (o/(-6))/((-2)/(-150)) is divided by q(-1).
12
Let q be 52*(1 - 1/(-4)). Suppose -5*k - 5*p = -q, 3*p - 6*p = -4*k + 31. Let i(f) = -f**2 - 5*f + 2. Calculate the remainder when k is divided by i(-4).
4
Let o(l) = l**2 - 6*l - 10. Let f be o(7). Let u = f - 2. Let j = u + 14. Calculate the remainder when 15 is divided by j.
6
Let l = 4 + -1. What is the remainder when (-2 - (l + -4))*-10 is divided by 4?
2
Suppose 5*c - 110 = -f, 2*c - 14*f + 17*f = 31. What is the remainder when 136 is divided by c?
21
Let v = 31 + -26. Calculate the remainder when 12 is divided by v.
2
Let k be (-15)/(-10)*(-8)/(-6). Suppose -k*b = b - 45. Calculate the remainder when (4/2)/2 + 43 is divided by b.
14
What is the remainder when (-6)/9 - 98/(-3) is divided by 19?
13
Let m = 0 + 5. Let s be (-3)/(-3 + 6) - -8. Suppose -3*z + 35 = -s. What is the remainder when z is divided by m?
4
Let u be (3/(-6))/((-2)/(-16)). Let h(j) = -24*j - 4. Let l be h(u). Suppose -c + l = c. Calculate the remainder when c is divided by 16.
14
Let j(h) = h. Let m be j(4). Suppose m*i + u - 17 = 3*i, 2*u = 10. What is the remainder when 35 is divided by i?
11
Let a(i) = -2*i**3 - 16*i**2 + 15*i - 11. What is the remainder when 60 is divided by a(-9)?
12
Let m = 41 - 22. Calculate the remainder when m is divided by 4.
3
Suppose 2*i = 3*i - 1. Suppose -5*z + 4 = -i. Let n(r) = -r**3 + 4*r**2 - 4*r + 2. Calculate the remainder when n(2) is divided by z.
0
Suppose -2*s = 3*l + 2*s - 32, -2*l = 3*s - 23. Suppose -l*a + 3*x + 43 = 0, -x + 13 = -a - 5*x. Calculate the remainder when a is divided by 2.
1
Let w(k) = -2*k - 5. Calculate the remainder when -1 - (4 - 1 - 34) is divided by w(-8).
8
Suppose -2*g + 26 = 5*h, -5 - 3 = -2*h. Suppose 4*o + u - g*u = 354, 5*o - 442 = 2*u. Suppose -o = -6*p + 4*p. What is the remainder when p is divided by 15?
14
Suppose 3*s - 3*b - 2*b - 227 = 0, 2*s = -5*b + 193. Calculate the remainder when s is divided by 43.
41
Suppose 0 = 4*k - 39 - 17. Calculate the remainder when ((-72)/(-14))/(4/k) is divided by 4.
2
What is the remainder when 97 is divided by -3*(-3 + (-48)/9)?
22
Let l be (-4)/10 + 188/20. Let i be (-4)/(2*(-3)/l). Calculate the remainder when (i/(-4))/(9/(-156)) is divided by 14.
12
Let q = -41 + 63. What is the remainder when q is divided by 6?
4
Let s be 7*(-1)/((-7)/6). What is the remainder when 43 is divided by s*2 + -1 - 0?
10
Suppose -3*z = -9, -4*w + 2*z - 86 = -6*w. Calculate the remainder when w is divided by 11.
7
Suppose 3*c - 4*c = -4. Let o be (-1)/c + (-42)/24. What is the remainder when 88/4 - (o - -1) is divided by 8?
7
Let z(l) = 5*l**3 + l**2 + 4. Calculate the remainder when z(2) is divided by 17.
14
Let p(g) be the second derivative of -g**4/12 - 17*g**3/6 - 9*g**2/2 + 4*g. What is the remainder when p(-11) is divided by 15?
12
Let o = 8 + -3. Let t = 7 - o. Calculate the remainder when 4 is divided by t.
0
Calculate the remainder when 57 is divided by 30*(1/(-2) + 1).
12
Suppose 252 = 15*h - h. Let q(x) = x**3 + 9*x**2 + 6*x - 2. What is the remainder when q(-6) is divided by h?
16
Suppose h = 2*h - 1. Suppose -4*l + h - 5 = 0. Calculate the remainder when 26 is divided by 110/8 - l/4.
12
Suppose -58 = 5*j - 233. Calculate the remainder when j is divided by 12.
11
Suppose 0 = -2*k - 3*p + 109, 3*k + 4*p = 6*k - 189. Let f = k - 34. Calculate the remainder when f is divided by 14.
11
Let u(z) = z**3 + 4*z**2 - 6*z - 6. Calculate the remainder when 89 is divided by u(-4).
17
Suppose -2*d = -2*p - 442, -3*p + 216 = d + p. Let i = -97 + d. Suppose -4*k = -k - i. What is the remainder when k is divided by 21?
20
Suppose -4*y - 333 = -5*h, y - 2*y + 72 = h. Suppose 0 = 7*t - 2*t + 230. Let a = t + h. Calculate the remainder when a is divided by 13.
10
What is the remainder when (-96)/(-18)*(-12)/(-2) is divided by 7?
4
Suppose 7*h - 5*h = -4*q + 6, 4*h + 3*q - 2 = 0. What is the remainder when (134/2 - h)/2 is divided by 12?
10
Calculate the remainder when 28 is divided by (20/3)/((-14)/6 + 3).
8
Suppose -4*k + 9 = 1. Calculate the remainder when 31 is divided by 11/(2 - (k + -1)).
9
Let b(d) = -d**3 + 7*d**2 + 9*d + 8. Let w be b(8). Let a = w + 27. Calculate the remainder when a is divided by 15.
13
Let n be (-2)/(-6) - 56/(-12). Suppose 2*l - n = 7. Suppose -3*w = -l*w + 48. Calculate the remainder when w is divided by 9.
7
Let c be 1 - (-4 + 3)*-1. Suppose -z = 4*n + z - 110, c = n - 4*z - 14. Suppose 5*s - n = 3*s. What is the remainder when 25 is divided by s?
12
Let o = 38 - 25. Calculate the remainder when 18/90 - 114/(-5) is divided by o.
10
Let p = 2 - 0. Suppose -5*l + 25 = -5*o, -2*l - 3*l + 37 = o. Calculate the remainder when l is divided by (-1 - -2 - p)*-4.
3
Let d be 0*(-2)/8 - -27. Suppose -r - 9 = -d. Calculate the remainder when 34 is divided by r.
16
Let o(h) = -4*h**3 - 3*h**2 - 2*h - 2. Calculate the remainder when o(-3) is divided by 22.
19
Suppose 0 = 4*c - 171 + 39. Calculate the remainder when 97 is divided by c.
31
Let z(g) = -g**2 - 5*g + 3. Let s(c) = -c**3 + c**2 + 2*c - 5*c**2 - c**2 - 4. What is the remainder when s(-6) is divided by z(-4)?
6
Suppose 23 = -10*g + 83. What is the remainder when 29 is divided by g?
5
Let k be ((-54)/8)/((-3)/12). Let h be (-2)/8 + (-165)/(-4). Let m = h - k. What is the remainder when 41 is divided by m?
13
Let s(n) = -n**3 - 6*n**2 - 3*n - 8. Let o be (-8)/6*18/(-4). Suppose 3*h = 6 + o. Calculate the remainder when s(-6) is divided by h.
2
Calculate the remainder when 130 is divided by (-1 - 4 - 63)/(-2).
28
Let i(g) be the second derivative of -1/20*g**5 + 5/12*g**4 + 0 - 1/3*g**3 + 2*g + 3*g**2. What is the remainder when 40 is divided by i(4)?
12
Suppose -5*z = 146 - 46. Let f = 35 + z. What is the remainder when f is divided by (-8)/6*3*-2?
7
Let o = 1 + -3. Let f = -1 - o. Calculate the remainder when (-25)/(-20) + (-1)/4 is divided by f.
0
What is the remainder when 133 is divided by 6*(6/27 + (-300)/(-27))?
65
Let h = -28 + 55. What is the remainder when h is divided by 10?
7
Calculate the remainder when 42 is divided by 1160/104 - 2/13.
9
Let a = 68 + -38. Let d = -166 + 284. What is the remainder when d is divided by a?
28
Let l(x) = -x**2 + 4*x - 3. Let n(m) = m + 1. Let q(r) = -l(r) + 4*n(r). Let g be q(0). Let c = g - 4. Calculate the remainder when c is divided by 2.
1
Suppose -2 = -4*y + 6. Suppose y*s - 3*i + 2 = -3, 0 = 4*s - 3*i - 5. What is the remainder when 9 is divided by s?
4
Let l(g) = g**3 + 4*g**2 + 3*g. Let r be l(-2). Suppose -r*s - 2*w + 25 - 3 = 0, -s + w = -17. What is the remainder when s is divided by 10/4*(2 - 0)?
4
Let m(p) = 28*p. Let c be m(1). Suppose -5*x + x = -t - 55, 0 = -x + 5*t + c. What is the remainder when x is divided by 7?
6
Suppose m = 6*m - 235. What is the remainder when m is divided by 12?
11
Let b = -716 - -772. Suppose -2*p = 3*p - 95. What is the remainder when b is divided by p?
18
Let b = -14 - -24. Let a(g) = 6*g**2 - g - 3. Let n(m) = 5*m**2 - m - 2. Let i(y) = -3*a(y) + 4*n(y). What is the remainder when i(4) is divided by b?
9
Let t = 146 - 101. Suppose 2*i - t = -i. Let j(w) = -w**3 - w**2 + 6*w + 4. Calculate the remainder when j(-4) is divided by i.
13
Let a(h) be the third derivative of -7*h**4/24 + 3*h**3/2 - 9*h**2. What is the remainder when a(-5) is divided by 9?
